divided by 13?
6
Let y(c) = -4*c - 1. Let r(x) = 28*x + 1. Let p(s) = -r(s) - 6*y(s). What is the remainder when ((-60)/14)/(1/(-7)) is divided by p(0)?
0
Let t be 10/(-20)*(-76)/1. Suppose 6*b - t = -x + 8*b, -4*x = -2*b - 182. Calculate the remainder when x is divided by 25.
23
Let a be 254/(-4) - 111/(-74). What is the remainder when 194 is divided by (4/(-6))/(a/3627)?
38
Suppose 8 = -3*h + 23. Suppose -245 + 40 = -h*l. What is the remainder when 79 is divided by l?
38
Suppose 5*a - 5*d + 2*d - 319 = 0, 0 = -5*a - d + 307. Suppose -s - 3*w = -187, 10*s - w - 696 = 6*s. Calculate the remainder when s is divided by a.
51
Suppose 0 = -5*z + w + 399, -7*z + 4*z + w = -239. Calculate the remainder when 125 is divided by z.
45
Let c be (4/(-14))/((-12)/336). Suppose -3*y + c*y = 110. Calculate the remainder when y is divided by 6.
4
Suppose -2*y - 46 + 72 = -2*b, -2*y - 4*b + 26 = 0. Suppose -x + 7*x = 4164. What is the remainder when x/8 - (-3)/12 is divided by y?
9
Let y = -1047 + 1055. What is the remainder when 438 is divided by y?
6
Suppose -2*x + 2 = 0, i + 3*x - 5*x - 28 = 0. Calculate the remainder when 30 + 20 - ((-1)/1 - -2) is divided by i.
19
Let g = 408 + -108. Let r = g + -237. What is the remainder when 247 is divided by r?
58
Let l(r) = -r**3 + 11*r**2 + 3*r + 44. Calculate the remainder when l(5) is divided by 10.
9
Calculate the remainder when ((-5988)/(-9)*-1)/(100/(-150)) is divided by 274.
176
Suppose -109789 = -125*p + 58557 + 7529. What is the remainder when p is divided by 281?
2
Let c = 3158 - 1607. Suppose -5*b + 807 = 2*i + 36, c = 4*i + b. What is the remainder when i is divided by 26?
24
Let q = -1645 + 1715. Calculate the remainder when 145 is divided by q.
5
Suppose -12*u = -13*u - 6. What is the remainder when 85 is divided by (-11)/((-110)/400) - u?
39
Suppose 0 = -3*n + 2*u + 107, 5*n = -18*u + 22*u + 179. Suppose -40*b + n*b = -50. What is the remainder when 36 is divided by b?
6
Suppose 0 = 4*s + 3*m - 150, -4*m + 123 = 4*s - 29. Let c = -6 + s. Suppose 6*k = k + c. What is the remainder when 21 is divided by k?
3
Let x be 2*(-3)/(-10) - (-7)/5. Suppose 3 = h - 5*k, -75 = -2*h - x*h - k. What is the remainder when 84 is divided by h?
12
Let t(g) = -14*g + 190. Let o be t(11). What is the remainder when 95 is divided by 3/(-15)*12*(-90)/o?
5
Let f(s) be the second derivative of -5*s**3/6 + 10*s**2 - 2*s + 25. What is the remainder when 313 is divided by f(-3)?
33
Let d = -135 + 132. What is the remainder when (-3 - (-25)/(-10))*(d + -55) is divided by 64?
63
Suppose -37 = -3*i + 8. Let y = 23 - -1. Let h = 79 - y. Calculate the remainder when h is divided by i.
10
Suppose -124*s + 1064 = -96*s. Calculate the remainder when 43 is divided by s.
5
Let s be 0/(42/(-7) + 5). Suppose 4*r + b - 20 = -3*b, -2*r + b + 25 = s. What is the remainder when r is divided by 1/(2/(7 + -1))?
1
Suppose -4*q + 5*a + 504 = 0, -113*q + 639 = -108*q - 4*a. Calculate the remainder when q is divided by 68.
63
What is the remainder when 5 + ((-12)/(-7))/((-52)/(-30758)) is divided by 16?
11
Let s be 2/8 - 465/(-124). Suppose 1 + 43 = s*d + 4*i, 2*d - 4 = 4*i. What is the remainder when 40 is divided by d?
0
Let v(z) = z**3 - 4*z**2 + 14*z - 235. Calculate the remainder when v(11) is divided by 155.
146
Let a(u) = 2*u**2 + 168*u + 990. Calculate the remainder when 1349 is divided by a(-6).
53
Let t be ((-5)/10)/((-1)/(-62)). Let c = t + 59. Calculate the remainder when c is divided by 82/(-41)*(-1)/4*16.
4
Let i = -2939 + 2975. What is the remainder when i is divided by 20?
16
Let k(q) be the first derivative of -q**2/2 + 101*q - 47. What is the remainder when k(-23) is divided by 24?
4
What is the remainder when (-514)/(-4) + (0 - ((-40)/(-16))/5) is divided by 69?
59
Let c = 33140 + -33007. Calculate the remainder when 851 is divided by c.
53
Let z = -2547 - -3355. Calculate the remainder when z is divided by 116.
112
Let q(d) = 45*d**2 - 1. Let n = 423 + -206. Calculate the remainder when n is divided by q(1).
41
Suppose -4*a - 201 = -5*c + 151, -3*a - 282 = -4*c. Suppose 17*l - 196*l = -4475. What is the remainder when c is divided by l?
22
Suppose 333 = 3*m + 306. Calculate the remainder when 218 is divided by m.
2
Let j = 509 - 741. Let d = -155 - j. Calculate the remainder when d is divided by 26.
25
Let b be (-2 - -3)/(1/5). Suppose -3*d + 597 = -5*r + 6, -d + 597 = -b*r. Let x = r - -178. Calculate the remainder when x is divided by 20.
18
Let m = 5285 + -5015. What is the remainder when m is divided by 72?
54
Let q = -166 - -293. Let x be (-25 + 6 - -8) + 7. Calculate the remainder when q is divided by 18/(12/x) + 38.
31
Let d(x) = -x**2 - 12*x - 11. Let j be d(-11). Suppose 5*p - 5*m = 340, 5*m - 4*m = j. Calculate the remainder when p is divided by 18.
14
Suppose 3*m - 5*l = 2096, -2*m + 2*l + 2387 = 991. Calculate the remainder when m is divided by 338.
21
Suppose 0 = -2*z + 403 - 121. Let d(u) = -2*u**2 - 127*u + 1102. What is the remainder when z is divided by d(-71)?
30
Suppose -23*r + 327 = -500 + 229. Calculate the remainder when 46 is divided by r.
20
Let x(j) = j**3 + 6*j**2 - 7*j + 4. Suppose 4339 + 4137 = -13*i. Let n = i - -662. What is the remainder when x(-6) is divided by n?
6
Let b = -101 - -190. Let w(a) = -a**3 + 8*a**2 - 9*a - 7. Let k be w(6). Suppose k*u = u + 300. Calculate the remainder when b is divided by u.
29
Suppose -12*q - 12 = -14*q. Let j be (-2 + -133)*q/(-9). Suppose 31*f = 26*f + j. Calculate the remainder when f is divided by 10.
8
Let o = -3101 - -4839. Let y = o - 1150. What is the remainder when y is divided by 59?
57
Let z = 34 + -22. Suppose 0 = -2*q - 11*q + 39. Suppose z = q*d - d. Calculate the remainder when 15 is divided by d.
3
Let p = -21962 - -22027. Calculate the remainder when 304 is divided by p.
44
Let i(p) = p**3 - 60*p**2 + 119*p - 90. Calculate the remainder when 171 is divided by i(58).
3
Let a(h) = -28*h - 1874. Calculate the remainder when 2038 is divided by a(-68).
28
Suppose 21012 = 136*u - 33*u. What is the remainder when u is divided by 43?
32
Let g(y) = y**2 - 16*y - 61. Let t be g(20). Suppose -2*c = -7 - t. Calculate the remainder when 50 is divided by c.
11
Let g = -538 - -679. Suppose 3*v = 3*f - g, -10*f + 90 = -8*f - 4*v. What is the remainder when 95 is divided by f?
46
Suppose -171 = 4*b - 5*d, 3*b + 120 = 2*d - d. Let a = b - -44. Calculate the remainder when 47 is divided by 1 - -7*(a - 4).
7
Suppose b - 34 + 39 = 0. Let l = b - -189. Calculate the remainder when l is divided by 21.
16
Suppose -z + 33 - 31 = 0. Suppose 0 = -z*k + 9*n - 5*n - 5332, 7968 = -3*k - 4*n. Calculate the remainder when k/(-25) - 3/(-5) is divided by 29.
20
Suppose -12 = -4*k - o, 3*k - 9 + 0 = -2*o. Suppose 2*i - 48 = 4*h, -k*h + 11 = -4*i + 92. What is the remainder when 69 is divided by i?
15
Let h(u) = u**3 + 10*u**2 + u + 15. Let i be h(-10). Suppose -n - 3 - 52 = -2*k, 2*k + i*n - 85 = 0. What is the remainder when 112 is divided by k?
22
Suppose 5*k - 156 = -141. Suppose -4*r + 4*j + 74 = -186, k*j - 281 = -4*r. What is the remainder when 199 is divided by r?
63
What is the remainder when 136 + -137 + 42*4*1 is divided by ((-2)/(-5))/(2/40)?
7
What is the remainder when (3037/2)/(107/214) is divided by 31?
30
Suppose -9*b + 2 = -8*b. Suppose -3*q + 4*d + 88 - 9 = 0, 4*d - 46 = -b*q. Suppose -198 = -3*y + 96. What is the remainder when y is divided by q?
23
Suppose -2*z - 385 = -f, 307*z - 305*z = -3*f + 1171. What is the remainder when f is divided by 196?
193
Suppose -9*a + 21*a = 3648. Let i = -289 + a. What is the remainder when 131 is divided by i?
11
Let g(r) = r**2 + 8*r + 19. Let z be g(-4). Suppose -74 = -3*k - 5*o, 11 - 61 = -2*k - z*o. Suppose -u + k = 6*u. What is the remainder when 5 is divided by u?
1
Let m(u) be the third derivative of 7*u**4/8 + 4*u**3/3 + 15*u**2. What is the remainder when m(7) is divided by 16?
11
Let i be ((-15)/(-3) - -45)*-1. Let s = -27 - i. What is the remainder when 179 is divided by s?
18
Let k = -18 + 29. Let x(d) = d**2 - 7*d. Let i be x(k). Suppose -b - l + i = -0*l, 5*b - 3*l = 204. What is the remainder when b is divided by 22?
20
Let y = 294 + -292. What is the remainder when ((-132)/88)/(y/(-88)) is divided by 29?
8
Let